{"id":629,"date":"2016-07-27T13:01:05","date_gmt":"2016-07-27T13:01:05","guid":{"rendered":"http:\/\/www.lauro-art.ch\/wordpress\/?page_id=629"},"modified":"2016-09-29T12:57:58","modified_gmt":"2016-09-29T12:57:58","slug":"roberto-lauro-druckgrafik","status":"publish","type":"page","link":"https:\/\/www.lauro-art.com\/wordpress\/roberto-lauro-druckgrafik\/","title":{"rendered":"Druckgrafik"},"content":{"rendered":"<\/div><\/div><\/div><!-- close content main div --><\/div><\/div><div id='full_slider_1' class='avia-fullwidth-slider main_color avia-shadow  container_wrap fullsize'   ><div  data-size='no scaling'  data-lightbox_size='large'  data-animation='slide'  data-ids='1305'  data-video_counter='0'  data-autoplay='false'  data-bg_slider='false'  data-slide_height=''  data-handle='av_slideshow_full'  data-interval='5'  data-class=' '  data-css_id=''  data-scroll_down=''  data-control_layout='av-control-default'  data-custom_markup=''  data-perma_caption=''  data-autoplay_stopper=''  data-src=''  data-position='top left'  data-repeat='no-repeat'  data-attach='scroll'  data-stretch=''  class='avia-slideshow avia-slideshow-1  av-control-default av-default-height-applied avia-slideshow-no scaling av_slideshow_full   avia-slide-slider '  itemscope=\"itemscope\" itemtype=\"https:\/\/schema.org\/ImageObject\" ><ul class='avia-slideshow-inner' style='padding-bottom: 25.595238095238%;'><li  class=' av-single-slide slide-1 ' ><div data-rel='slideshow-1' class='avia-slide-wrap'  ><img src='https:\/\/www.lauro-art.com\/wordpress\/wp-content\/uploads\/2016\/07\/Roberto_Lauro_Mondserenade_2014_70x50_SIebdruck_Detail_Slider_1.jpg' width='1680' height='430' title='Roberto_Lauro_Mondserenade_2014_70x50_SIebdruck_Detail_Slider_1' alt=''  itemprop=\"contentURL\"  \/><\/div><\/li><\/ul><\/div><\/div>\n<div class=\"flex_column av_two_fifth  flex_column_div av-zero-column-padding first  \" style='border-radius:0px; '><p><div style='padding-bottom:10px;' class='av-special-heading av-special-heading-h3    '><h3 class='av-special-heading-tag'  itemprop=\"headline\"  >Druckgrafik<\/h3><div class='special-heading-border'><div class='special-heading-inner-border' ><\/div><\/div><\/div><br \/>\n<section class=\"av_textblock_section\"  itemscope=\"itemscope\" itemtype=\"https:\/\/schema.org\/CreativeWork\" ><div class='avia_textblock '   itemprop=\"text\" ><p style=\"text-align: left;\">Der Siebdruck bietet Roberto Lauro die M\u00f6glichkeiten des Spielens mit deckenden Farben und transparenten \u00dcberlagerungen andererseits. Die so entstehende Spannung vergleicht er mit der akkuraten Tonalit\u00e4t eines Klaviers, wobei das K\u00f6nnen des Druckers wesentlich ist f\u00fcr das visuelle Ergebnis eines Siebdrucks. Ahnlich wie das Aquarell hat auch der Siebdruck einen engen Bezug zu den bildhauerischen Werken Lauros. W\u00e4hrend es sich bei den Aquarellen jedoch thematisch um Transparenz und Transzendenz dreht, die sich skulptural im Werkstoff Glas wiederspiegeln, erschaffen beim Siebdruck die stark reduzierten Linien. Fl\u00e4chen und Farben eine dreidimensionale Darstellung, die der K\u00fcnstler sp\u00e4ter in seine Skulpturen \u00fcbertr\u00e4gt.<\/p>\n<\/div><\/section><br \/>\n<div style='height:20px' class='hr hr-invisible '><span class='hr-inner ' ><span class='hr-inner-style'><\/span><\/span><\/div><br \/>\n<div style='padding-bottom:10px;' class='av-special-heading av-special-heading-h4    '><h4 class='av-special-heading-tag'  itemprop=\"headline\"  ><span class='special_amp'>&#8222;<\/span>Drucken ist wie komponieren<span class='special_amp'>&#8220;<\/span><\/h4><div class='special-heading-border'><div class='special-heading-inner-border' ><\/div><\/div><\/div><br \/>\n<section class=\"av_textblock_section\"  itemscope=\"itemscope\" itemtype=\"https:\/\/schema.org\/CreativeWork\" ><div class='avia_textblock '   itemprop=\"text\" ><p style=\"text-align: right;\">Roberto Lauro,\u00a0Z\u00fcrich 2014<\/p>\n<\/div><\/section><\/p><\/div>\n<div class=\"flex_column av_three_fifth  flex_column_div av-zero-column-padding   \" style='border-radius:0px; '><div class='avia-image-container  av-styling-   avia-align-center '  itemscope=\"itemscope\" itemtype=\"https:\/\/schema.org\/ImageObject\"  ><div class='avia-image-container-inner'><img class='avia_image ' src='https:\/\/www.lauro-art.com\/wordpress\/wp-content\/uploads\/2016\/07\/Roberto_Lauro_Studio_Druck_2.jpg' alt='' title='Roberto_Lauro_Studio_Druck_2'   itemprop=\"contentURL\"  \/><\/div><\/div><\/div>\n<div style='height:40px' class='hr hr-invisible '><span class='hr-inner ' ><span class='hr-inner-style'><\/span><\/span><\/div>\n<div  class='hr hr-default '><span class='hr-inner ' ><span class='hr-inner-style'><\/span><\/span><\/div>\n<div class=\"flex_column av_one_full  flex_column_div av-zero-column-padding first  \" style='border-radius:0px; '><p><div style='padding-bottom:10px;' class='av-special-heading av-special-heading-h5    '><h5 class='av-special-heading-tag'  itemprop=\"headline\"  >Siebdruckserie: 2014, 70 x 50 cm<\/h5><div class='special-heading-border'><div class='special-heading-inner-border' ><\/div><\/div><\/div><br \/>\n<div style='height:40px' class='hr hr-invisible '><span class='hr-inner ' ><span class='hr-inner-style'><\/span><\/span><\/div><br \/>\n<div id='av-masonry-1' class='av-masonry noHover av-flex-size av-large-gap av-hover-overlay- av-masonry-col-6 av-caption-always av-caption-style- av-masonry-gallery  '  ><div class='av-masonry-container isotope av-js-disabled ' ><div class='av-masonry-entry isotope-item av-masonry-item-no-image '><\/div><a href=\"https:\/\/www.lauro-art.com\/wordpress\/wp-content\/uploads\/2016\/07\/Roberto_Lauro_Klangraeume_70x50_2014_SIebdruck_V2.jpg\" id='av-masonry-1-item-1172' data-av-masonry-item='1172' class='av-masonry-entry isotope-item post-1172 attachment type-attachment status-inherit hentry  av-masonry-item-with-image' title=\"Klangr\u00e4ume\"  itemprop=\"contentURL\" ><div class='av-inner-masonry-sizer'><\/div><figure class='av-inner-masonry main_color'><div class=\"av-masonry-outerimage-container\"><div class=\"av-masonry-image-container\" style=\"background-image: url(https:\/\/www.lauro-art.com\/wordpress\/wp-content\/uploads\/2016\/07\/Roberto_Lauro_Klangraeume_70x50_2014_SIebdruck_V2.jpg);\"><img src=\"https:\/\/www.lauro-art.com\/wordpress\/wp-content\/uploads\/2016\/07\/Roberto_Lauro_Klangraeume_70x50_2014_SIebdruck_V2.jpg\" title=\"Roberto_Lauro_Klangraeume_70x50_2014_SIebdruck_V2\" alt=\"\" \/><\/div><\/div><figcaption class='av-inner-masonry-content site-background'><div class='av-inner-masonry-content-pos'><div class='av-inner-masonry-content-pos-content'><div class='avia-arrow'><\/div><div class='av-masonry-entry-content entry-content'  itemprop=\"text\" >Klangr\u00e4ume<\/div><\/div><\/div><\/figcaption><\/figure><\/a><!--end av-masonry entry--><a href=\"https:\/\/www.lauro-art.com\/wordpress\/wp-content\/uploads\/2016\/07\/Roberto_Lauro_Mondeserenade_70x50_2014_Siebdruck_V2.jpg\" id='av-masonry-1-item-1173' data-av-masonry-item='1173' class='av-masonry-entry isotope-item post-1173 attachment type-attachment status-inherit hentry  av-masonry-item-with-image' title=\"Mondserenade \"  itemprop=\"contentURL\" ><div class='av-inner-masonry-sizer'><\/div><figure class='av-inner-masonry main_color'><div class=\"av-masonry-outerimage-container\"><div class=\"av-masonry-image-container\" style=\"background-image: url(https:\/\/www.lauro-art.com\/wordpress\/wp-content\/uploads\/2016\/07\/Roberto_Lauro_Mondeserenade_70x50_2014_Siebdruck_V2.jpg);\"><img src=\"https:\/\/www.lauro-art.com\/wordpress\/wp-content\/uploads\/2016\/07\/Roberto_Lauro_Mondeserenade_70x50_2014_Siebdruck_V2.jpg\" title=\"Roberto_Lauro_Mondeserenade_70x50_2014_Siebdruck_V2\" alt=\"\" \/><\/div><\/div><figcaption class='av-inner-masonry-content site-background'><div class='av-inner-masonry-content-pos'><div class='av-inner-masonry-content-pos-content'><div class='avia-arrow'><\/div><div class='av-masonry-entry-content entry-content'  itemprop=\"text\" >Mondserenade <\/div><\/div><\/div><\/figcaption><\/figure><\/a><!--end av-masonry entry--><a href=\"https:\/\/www.lauro-art.com\/wordpress\/wp-content\/uploads\/2016\/07\/Roberto_Lauro_Polyphon_70x50_2014_Siebdruck_V2.jpg\" id='av-masonry-1-item-1175' data-av-masonry-item='1175' class='av-masonry-entry isotope-item post-1175 attachment type-attachment status-inherit hentry  av-masonry-item-with-image' title=\"Polyphon\"  itemprop=\"contentURL\" ><div class='av-inner-masonry-sizer'><\/div><figure class='av-inner-masonry main_color'><div class=\"av-masonry-outerimage-container\"><div class=\"av-masonry-image-container\" style=\"background-image: url(https:\/\/www.lauro-art.com\/wordpress\/wp-content\/uploads\/2016\/07\/Roberto_Lauro_Polyphon_70x50_2014_Siebdruck_V2.jpg);\"><img src=\"https:\/\/www.lauro-art.com\/wordpress\/wp-content\/uploads\/2016\/07\/Roberto_Lauro_Polyphon_70x50_2014_Siebdruck_V2.jpg\" title=\"Roberto_Lauro_Polyphon_70x50_2014_Siebdruck_V2\" alt=\"\" \/><\/div><\/div><figcaption class='av-inner-masonry-content site-background'><div class='av-inner-masonry-content-pos'><div class='av-inner-masonry-content-pos-content'><div class='avia-arrow'><\/div><div class='av-masonry-entry-content entry-content'  itemprop=\"text\" >Polyphon<\/div><\/div><\/div><\/figcaption><\/figure><\/a><!--end av-masonry entry--><a href=\"https:\/\/www.lauro-art.com\/wordpress\/wp-content\/uploads\/2016\/07\/Roberto_Lauro_Pulsar_70x50_2014_Siebdruck_V2.jpg\" id='av-masonry-1-item-1176' data-av-masonry-item='1176' class='av-masonry-entry isotope-item post-1176 attachment type-attachment status-inherit hentry  av-masonry-item-with-image' title=\"Pulsar\"  itemprop=\"contentURL\" ><div class='av-inner-masonry-sizer'><\/div><figure class='av-inner-masonry main_color'><div class=\"av-masonry-outerimage-container\"><div class=\"av-masonry-image-container\" style=\"background-image: url(https:\/\/www.lauro-art.com\/wordpress\/wp-content\/uploads\/2016\/07\/Roberto_Lauro_Pulsar_70x50_2014_Siebdruck_V2.jpg);\"><img src=\"https:\/\/www.lauro-art.com\/wordpress\/wp-content\/uploads\/2016\/07\/Roberto_Lauro_Pulsar_70x50_2014_Siebdruck_V2.jpg\" title=\"Roberto_Lauro_Pulsar_70x50_2014_Siebdruck_V2\" alt=\"\" \/><\/div><\/div><figcaption class='av-inner-masonry-content site-background'><div class='av-inner-masonry-content-pos'><div class='av-inner-masonry-content-pos-content'><div class='avia-arrow'><\/div><div class='av-masonry-entry-content entry-content'  itemprop=\"text\" >Pulsar<\/div><\/div><\/div><\/figcaption><\/figure><\/a><!--end av-masonry entry--><a href=\"https:\/\/www.lauro-art.com\/wordpress\/wp-content\/uploads\/2016\/07\/Roberto_Lauro_Sinfonie_70x50_2014_Siebdruck_V2.jpg\" id='av-masonry-1-item-1183' data-av-masonry-item='1183' class='av-masonry-entry isotope-item post-1183 attachment type-attachment status-inherit hentry  av-masonry-item-with-image' title=\"Sinfonie\"  itemprop=\"contentURL\" ><div class='av-inner-masonry-sizer'><\/div><figure class='av-inner-masonry main_color'><div class=\"av-masonry-outerimage-container\"><div class=\"av-masonry-image-container\" style=\"background-image: url(https:\/\/www.lauro-art.com\/wordpress\/wp-content\/uploads\/2016\/07\/Roberto_Lauro_Sinfonie_70x50_2014_Siebdruck_V2.jpg);\"><img src=\"https:\/\/www.lauro-art.com\/wordpress\/wp-content\/uploads\/2016\/07\/Roberto_Lauro_Sinfonie_70x50_2014_Siebdruck_V2.jpg\" title=\"Roberto_Lauro_Sinfonie_70x50_2014_Siebdruck_V2\" alt=\"\" \/><\/div><\/div><figcaption class='av-inner-masonry-content site-background'><div class='av-inner-masonry-content-pos'><div class='av-inner-masonry-content-pos-content'><div class='avia-arrow'><\/div><div class='av-masonry-entry-content entry-content'  itemprop=\"text\" >Sinfonie<\/div><\/div><\/div><\/figcaption><\/figure><\/a><!--end av-masonry entry--><a href=\"https:\/\/www.lauro-art.com\/wordpress\/wp-content\/uploads\/2016\/07\/Roberto_Lauro_Baumgesang_70x50_2014_Siebdruck_V2.jpg\" id='av-masonry-1-item-1170' data-av-masonry-item='1170' class='av-masonry-entry isotope-item post-1170 attachment type-attachment status-inherit hentry  av-masonry-item-with-image' title=\"Baumgesang\"  itemprop=\"contentURL\" ><div class='av-inner-masonry-sizer'><\/div><figure class='av-inner-masonry main_color'><div class=\"av-masonry-outerimage-container\"><div class=\"av-masonry-image-container\" style=\"background-image: url(https:\/\/www.lauro-art.com\/wordpress\/wp-content\/uploads\/2016\/07\/Roberto_Lauro_Baumgesang_70x50_2014_Siebdruck_V2.jpg);\"><img src=\"https:\/\/www.lauro-art.com\/wordpress\/wp-content\/uploads\/2016\/07\/Roberto_Lauro_Baumgesang_70x50_2014_Siebdruck_V2.jpg\" title=\"Roberto_Lauro_Baumgesang_70x50_2014_Siebdruck_V2\" alt=\"\" \/><\/div><\/div><figcaption class='av-inner-masonry-content site-background'><div class='av-inner-masonry-content-pos'><div class='av-inner-masonry-content-pos-content'><div class='avia-arrow'><\/div><div class='av-masonry-entry-content entry-content'  itemprop=\"text\" >Baumgesang<\/div><\/div><\/div><\/figcaption><\/figure><\/a><!--end av-masonry entry--><\/div><\/div><br \/>\n<div style='height:40px' class='hr hr-invisible '><span class='hr-inner ' ><span class='hr-inner-style'><\/span><\/span><\/div><br \/>\n<div style='padding-bottom:10px;' class='av-special-heading av-special-heading-h4    '><h4 class='av-special-heading-tag'  itemprop=\"headline\"  >Serie: Sinfonia dipinta nach Brunetti-Pisano, 2005, 49 x 39 cm, Linol<\/h4><div class='special-heading-border'><div class='special-heading-inner-border' ><\/div><\/div><\/div><br \/>\n<div style='height:40px' class='hr hr-invisible '><span class='hr-inner ' ><span class='hr-inner-style'><\/span><\/span><\/div><br \/>\n<div id='av-masonry-2' class='av-masonry noHover av-flex-size av-large-gap av-hover-overlay- av-masonry-col-4 av-caption-always av-caption-style- av-masonry-gallery  '  ><div class='av-masonry-container isotope av-js-disabled ' ><div class='av-masonry-entry isotope-item av-masonry-item-no-image '><\/div><a href=\"https:\/\/www.lauro-art.com\/wordpress\/wp-content\/uploads\/2016\/07\/Roberto_Lauro_Satz-Sinfonia1_49x39_2005_Druck_V2.jpg\" id='av-masonry-2-item-1179' data-av-masonry-item='1179' class='av-masonry-entry isotope-item post-1179 attachment type-attachment status-inherit hentry  av-masonry-item-with-image' title=\"1. Satz Alegro maestoso\"  itemprop=\"contentURL\" ><div class='av-inner-masonry-sizer'><\/div><figure class='av-inner-masonry main_color'><div class=\"av-masonry-outerimage-container\"><div class=\"av-masonry-image-container\" style=\"background-image: url(https:\/\/www.lauro-art.com\/wordpress\/wp-content\/uploads\/2016\/07\/Roberto_Lauro_Satz-Sinfonia1_49x39_2005_Druck_V2.jpg);\"><img src=\"https:\/\/www.lauro-art.com\/wordpress\/wp-content\/uploads\/2016\/07\/Roberto_Lauro_Satz-Sinfonia1_49x39_2005_Druck_V2.jpg\" title=\"Roberto_Lauro_Satz-Sinfonia1_49x39_2005_Druck_V2\" alt=\"\" \/><\/div><\/div><figcaption class='av-inner-masonry-content site-background'><div class='av-inner-masonry-content-pos'><div class='av-inner-masonry-content-pos-content'><div class='avia-arrow'><\/div><div class='av-masonry-entry-content entry-content'  itemprop=\"text\" >1. Satz Alegro maestoso<\/div><\/div><\/div><\/figcaption><\/figure><\/a><!--end av-masonry entry--><a href=\"https:\/\/www.lauro-art.com\/wordpress\/wp-content\/uploads\/2016\/07\/Roberto_Lauro_Satz-Sinfonia2_49x39_2005_V2.jpg\" id='av-masonry-2-item-1180' data-av-masonry-item='1180' class='av-masonry-entry isotope-item post-1180 attachment type-attachment status-inherit hentry  av-masonry-item-with-image' title=\"2. Satz Allegretto scherzanto\"  itemprop=\"contentURL\" ><div class='av-inner-masonry-sizer'><\/div><figure class='av-inner-masonry main_color'><div class=\"av-masonry-outerimage-container\"><div class=\"av-masonry-image-container\" style=\"background-image: url(https:\/\/www.lauro-art.com\/wordpress\/wp-content\/uploads\/2016\/07\/Roberto_Lauro_Satz-Sinfonia2_49x39_2005_V2.jpg);\"><img src=\"https:\/\/www.lauro-art.com\/wordpress\/wp-content\/uploads\/2016\/07\/Roberto_Lauro_Satz-Sinfonia2_49x39_2005_V2.jpg\" title=\"Roberto_Lauro_Satz-Sinfonia2_49x39_2005_V2\" alt=\"\" \/><\/div><\/div><figcaption class='av-inner-masonry-content site-background'><div class='av-inner-masonry-content-pos'><div class='av-inner-masonry-content-pos-content'><div class='avia-arrow'><\/div><div class='av-masonry-entry-content entry-content'  itemprop=\"text\" >2. Satz Allegretto scherzanto<\/div><\/div><\/div><\/figcaption><\/figure><\/a><!--end av-masonry entry--><a href=\"https:\/\/www.lauro-art.com\/wordpress\/wp-content\/uploads\/2016\/07\/Roberto_Lauro_Satz-Sinfonia3_49x39_2005_V2.jpg\" id='av-masonry-2-item-1181' data-av-masonry-item='1181' class='av-masonry-entry isotope-item post-1181 attachment type-attachment status-inherit hentry  av-masonry-item-with-image' title=\"3. Satz Allegro con motto\"  itemprop=\"contentURL\" ><div class='av-inner-masonry-sizer'><\/div><figure class='av-inner-masonry main_color'><div class=\"av-masonry-outerimage-container\"><div class=\"av-masonry-image-container\" style=\"background-image: url(https:\/\/www.lauro-art.com\/wordpress\/wp-content\/uploads\/2016\/07\/Roberto_Lauro_Satz-Sinfonia3_49x39_2005_V2.jpg);\"><img src=\"https:\/\/www.lauro-art.com\/wordpress\/wp-content\/uploads\/2016\/07\/Roberto_Lauro_Satz-Sinfonia3_49x39_2005_V2.jpg\" title=\"Roberto_Lauro_Satz-Sinfonia3_49x39_2005_V2\" alt=\"\" \/><\/div><\/div><figcaption class='av-inner-masonry-content site-background'><div class='av-inner-masonry-content-pos'><div class='av-inner-masonry-content-pos-content'><div class='avia-arrow'><\/div><div class='av-masonry-entry-content entry-content'  itemprop=\"text\" >3. Satz Allegro con motto<\/div><\/div><\/div><\/figcaption><\/figure><\/a><!--end av-masonry entry--><a href=\"https:\/\/www.lauro-art.com\/wordpress\/wp-content\/uploads\/2016\/07\/Roberto_Lauro_Satz-Sinfonia4_49x39_2005_V2.jpg\" id='av-masonry-2-item-1182' data-av-masonry-item='1182' class='av-masonry-entry isotope-item post-1182 attachment type-attachment status-inherit hentry  av-masonry-item-with-image' title=\"4. Satz Andante cantabile\"  itemprop=\"contentURL\" ><div class='av-inner-masonry-sizer'><\/div><figure class='av-inner-masonry main_color'><div class=\"av-masonry-outerimage-container\"><div class=\"av-masonry-image-container\" style=\"background-image: url(https:\/\/www.lauro-art.com\/wordpress\/wp-content\/uploads\/2016\/07\/Roberto_Lauro_Satz-Sinfonia4_49x39_2005_V2.jpg);\"><img src=\"https:\/\/www.lauro-art.com\/wordpress\/wp-content\/uploads\/2016\/07\/Roberto_Lauro_Satz-Sinfonia4_49x39_2005_V2.jpg\" title=\"Roberto_Lauro_Satz-Sinfonia4_49x39_2005_V2\" alt=\"\" \/><\/div><\/div><figcaption class='av-inner-masonry-content site-background'><div class='av-inner-masonry-content-pos'><div class='av-inner-masonry-content-pos-content'><div class='avia-arrow'><\/div><div class='av-masonry-entry-content entry-content'  itemprop=\"text\" >4. Satz Andante cantabile<\/div><\/div><\/div><\/figcaption><\/figure><\/a><!--end av-masonry entry--><\/div><\/div><br \/>\n<div style='height:40px' class='hr hr-invisible '><span class='hr-inner ' ><span class='hr-inner-style'><\/span><\/span><\/div><br \/>\n<div style='padding-bottom:10px;' class='av-special-heading av-special-heading-h4    '><h4 class='av-special-heading-tag'  itemprop=\"headline\"  >Serie: Strawinsky, 2007, 50 x 37 cm, Linol<\/h4><div class='special-heading-border'><div class='special-heading-inner-border' ><\/div><\/div><\/div><br \/>\n<div style='height:40px' class='hr hr-invisible '><span class='hr-inner ' ><span class='hr-inner-style'><\/span><\/span><\/div><br \/>\n<div id='av-masonry-3' class='av-masonry noHover av-flex-size av-large-gap av-hover-overlay- av-masonry-col-4 av-caption-always av-caption-style- av-masonry-gallery  '  ><div class='av-masonry-container isotope av-js-disabled ' ><div class='av-masonry-entry isotope-item av-masonry-item-no-image '><\/div><a href=\"https:\/\/www.lauro-art.com\/wordpress\/wp-content\/uploads\/2016\/07\/Roberto_Lauro_Feuerv_60x50_2007_V2.jpg\" id='av-masonry-3-item-1171' data-av-masonry-item='1171' class='av-masonry-entry isotope-item post-1171 attachment type-attachment status-inherit hentry  av-masonry-item-with-image' title=\"Feuervogel\"  itemprop=\"contentURL\" ><div class='av-inner-masonry-sizer'><\/div><figure class='av-inner-masonry main_color'><div class=\"av-masonry-outerimage-container\"><div class=\"av-masonry-image-container\" style=\"background-image: url(https:\/\/www.lauro-art.com\/wordpress\/wp-content\/uploads\/2016\/07\/Roberto_Lauro_Feuerv_60x50_2007_V2.jpg);\"><img src=\"https:\/\/www.lauro-art.com\/wordpress\/wp-content\/uploads\/2016\/07\/Roberto_Lauro_Feuerv_60x50_2007_V2.jpg\" title=\"Roberto_Lauro_Feuerv_60x50_2007_V2\" alt=\"\" \/><\/div><\/div><figcaption class='av-inner-masonry-content site-background'><div class='av-inner-masonry-content-pos'><div class='av-inner-masonry-content-pos-content'><div class='avia-arrow'><\/div><div class='av-masonry-entry-content entry-content'  itemprop=\"text\" >Feuervogel<\/div><\/div><\/div><\/figcaption><\/figure><\/a><!--end av-masonry entry--><a href=\"https:\/\/www.lauro-art.com\/wordpress\/wp-content\/uploads\/2016\/07\/Roberto_Lauro_Petr._60x50_2007_V2.jpg\" id='av-masonry-3-item-1174' data-av-masonry-item='1174' class='av-masonry-entry isotope-item post-1174 attachment type-attachment status-inherit hentry  av-masonry-item-with-image' title=\"Pedruschka\"  itemprop=\"contentURL\" ><div class='av-inner-masonry-sizer'><\/div><figure class='av-inner-masonry main_color'><div class=\"av-masonry-outerimage-container\"><div class=\"av-masonry-image-container\" style=\"background-image: url(https:\/\/www.lauro-art.com\/wordpress\/wp-content\/uploads\/2016\/07\/Roberto_Lauro_Petr._60x50_2007_V2.jpg);\"><img src=\"https:\/\/www.lauro-art.com\/wordpress\/wp-content\/uploads\/2016\/07\/Roberto_Lauro_Petr._60x50_2007_V2.jpg\" title=\"Roberto_Lauro_Petr._60x50_2007_V2\" alt=\"\" \/><\/div><\/div><figcaption class='av-inner-masonry-content site-background'><div class='av-inner-masonry-content-pos'><div class='av-inner-masonry-content-pos-content'><div class='avia-arrow'><\/div><div class='av-masonry-entry-content entry-content'  itemprop=\"text\" >Pedruschka<\/div><\/div><\/div><\/figcaption><\/figure><\/a><!--end av-masonry entry--><a href=\"https:\/\/www.lauro-art.com\/wordpress\/wp-content\/uploads\/2016\/07\/Roberto_Lauro_Sacre_60x50_2007_V2.jpg\" id='av-masonry-3-item-1178' data-av-masonry-item='1178' class='av-masonry-entry isotope-item post-1178 attachment type-attachment status-inherit hentry  av-masonry-item-with-image' title=\"Sacre\"  itemprop=\"contentURL\" ><div class='av-inner-masonry-sizer'><\/div><figure class='av-inner-masonry main_color'><div class=\"av-masonry-outerimage-container\"><div class=\"av-masonry-image-container\" style=\"background-image: url(https:\/\/www.lauro-art.com\/wordpress\/wp-content\/uploads\/2016\/07\/Roberto_Lauro_Sacre_60x50_2007_V2.jpg);\"><img src=\"https:\/\/www.lauro-art.com\/wordpress\/wp-content\/uploads\/2016\/07\/Roberto_Lauro_Sacre_60x50_2007_V2.jpg\" title=\"Roberto_Lauro_Sacre_60x50_2007_V2\" alt=\"\" \/><\/div><\/div><figcaption class='av-inner-masonry-content site-background'><div class='av-inner-masonry-content-pos'><div class='av-inner-masonry-content-pos-content'><div class='avia-arrow'><\/div><div class='av-masonry-entry-content entry-content'  itemprop=\"text\" >Sacre<\/div><\/div><\/div><\/figcaption><\/figure><\/a><!--end av-masonry entry--><\/div><\/div><br \/>\n<div style='height:40px' class='hr hr-invisible '><span class='hr-inner ' ><span class='hr-inner-style'><\/span><\/span><\/div><br \/>\n<div style='padding-bottom:10px;' class='av-special-heading av-special-heading-h4    '><h4 class='av-special-heading-tag'  itemprop=\"headline\"  >Rachmaninow Klavierkonzert Nr.3, 2012, 70 x 50 cm, Linol<\/h4><div class='special-heading-border'><div class='special-heading-inner-border' ><\/div><\/div><\/div><br \/>\n<div style='height:40px' class='hr hr-invisible '><span class='hr-inner ' ><span class='hr-inner-style'><\/span><\/span><\/div><br \/>\n<div id='av-masonry-4' class='av-masonry noHover av-flex-size av-large-gap av-hover-overlay- av-masonry-col-4 av-caption-always av-caption-style- av-masonry-gallery  '  ><div class='av-masonry-container isotope av-js-disabled ' ><div class='av-masonry-entry isotope-item av-masonry-item-no-image '><\/div><a href=\"https:\/\/www.lauro-art.com\/wordpress\/wp-content\/uploads\/2016\/07\/Roberto_Lauro_Rachmaninow_70x50_2012_V2.jpg\" id='av-masonry-4-item-1177' data-av-masonry-item='1177' class='av-masonry-entry isotope-item post-1177 attachment type-attachment status-inherit hentry  av-masonry-item-with-image' title=\"\"  itemprop=\"contentURL\" ><div class='av-inner-masonry-sizer'><\/div><figure class='av-inner-masonry main_color'><div class=\"av-masonry-outerimage-container\"><div class=\"av-masonry-image-container\" style=\"background-image: url(https:\/\/www.lauro-art.com\/wordpress\/wp-content\/uploads\/2016\/07\/Roberto_Lauro_Rachmaninow_70x50_2012_V2.jpg);\"><img src=\"https:\/\/www.lauro-art.com\/wordpress\/wp-content\/uploads\/2016\/07\/Roberto_Lauro_Rachmaninow_70x50_2012_V2.jpg\" title=\"Roberto_Lauro_Rachmaninow_70x50_2012_V2\" alt=\"\" \/><\/div><\/div><\/figure><\/a><!--end av-masonry entry--><\/div><\/div><\/p><\/div>\n","protected":false},"excerpt":{"rendered":"","protected":false},"author":1,"featured_media":0,"parent":0,"menu_order":0,"comment_status":"closed","ping_status":"closed","template":"","meta":[],"_links":{"self":[{"href":"https:\/\/www.lauro-art.com\/wordpress\/wp-json\/wp\/v2\/pages\/629"}],"collection":[{"href":"https:\/\/www.lauro-art.com\/wordpress\/wp-json\/wp\/v2\/pages"}],"about":[{"href":"https:\/\/www.lauro-art.com\/wordpress\/wp-json\/wp\/v2\/types\/page"}],"author":[{"embeddable":true,"href":"https:\/\/www.lauro-art.com\/wordpress\/wp-json\/wp\/v2\/users\/1"}],"replies":[{"embeddable":true,"href":"https:\/\/www.lauro-art.com\/wordpress\/wp-json\/wp\/v2\/comments?post=629"}],"version-history":[{"count":34,"href":"https:\/\/www.lauro-art.com\/wordpress\/wp-json\/wp\/v2\/pages\/629\/revisions"}],"predecessor-version":[{"id":1306,"href":"https:\/\/www.lauro-art.com\/wordpress\/wp-json\/wp\/v2\/pages\/629\/revisions\/1306"}],"wp:attachment":[{"href":"https:\/\/www.lauro-art.com\/wordpress\/wp-json\/wp\/v2\/media?parent=629"}],"curies":[{"name":"wp","href":"https:\/\/api.w.org\/{rel}","templated":true}]}}