{"id":764,"date":"2016-08-03T08:51:31","date_gmt":"2016-08-03T08:51:31","guid":{"rendered":"http:\/\/www.lauro-art.ch\/wordpress\/?page_id=764"},"modified":"2024-10-05T10:28:21","modified_gmt":"2024-10-05T10:28:21","slug":"roberto-lauro-news","status":"publish","type":"page","link":"https:\/\/www.lauro-art.com\/wordpress\/roberto-lauro-news\/","title":{"rendered":"News"},"content":{"rendered":"<div class='template-blog  av-blog-meta-html-info-disabled'  itemscope=\"itemscope\" itemtype=\"https:\/\/schema.org\/Blog\" ><article class='post-entry post-entry-type-standard post-entry-1487 post-loop-1 post-parity-odd single-big  post-1487 post type-post status-publish format-standard hentry category-neuigkeiten category-news tag-rhapsody-in-blue'  itemscope=\"itemscope\" itemtype=\"https:\/\/schema.org\/BlogPosting\" ><div class='blog-meta'><\/div><div class='entry-content-wrapper clearfix standard-content'><header class=\"entry-content-header\"><span class=\"blog-categories minor-meta\"><a href=\"https:\/\/www.lauro-art.com\/wordpress\/category\/neuigkeiten\/\" rel=\"tag\">Neuigkeiten<\/a>, <a href=\"https:\/\/www.lauro-art.com\/wordpress\/category\/news\/\" rel=\"tag\">News<\/a> <\/span><h2 class='post-title entry-title'  itemprop=\"headline\" >\t<a href='https:\/\/www.lauro-art.com\/wordpress\/eroeffnung-der-ausstellung-in-kurtatsch-suedtirol-bei-der-firma-rothoblaas-srl\/' rel='bookmark' title='Permanenter Link zu: Er\u00f6ffnung der Ausstellung in Kurtatsch, S\u00fcdtirol bei der Firma Rothoblaas Srl. am 26.09.2024'>Er\u00f6ffnung der Ausstellung in Kurtatsch, S\u00fcdtirol bei der Firma Rothoblaas Srl. am 26.09.2024\t\t\t<span class='post-format-icon minor-meta'><\/span>\t<\/a><\/h2><span class=\"av-vertical-delimiter\"><\/span><div class=\"entry-content\"  itemprop=\"text\" ><div class=\"wp-block-image\">\n<figure class=\"aligncenter size-large\"><a href=\"http:\/\/www.lauro-art.com\/wordpress\/wp-content\/uploads\/2024\/10\/DSC_0580-scaled.jpg\"><img decoding=\"async\" loading=\"lazy\" width=\"1024\" height=\"683\" src=\"http:\/\/www.lauro-art.com\/wordpress\/wp-content\/uploads\/2024\/10\/DSC_0580-1024x683.jpg\" alt=\"\" class=\"wp-image-1472\" srcset=\"https:\/\/www.lauro-art.com\/wordpress\/wp-content\/uploads\/2024\/10\/DSC_0580-1024x683.jpg 1024w, https:\/\/www.lauro-art.com\/wordpress\/wp-content\/uploads\/2024\/10\/DSC_0580-300x200.jpg 300w, https:\/\/www.lauro-art.com\/wordpress\/wp-content\/uploads\/2024\/10\/DSC_0580-768x512.jpg 768w, https:\/\/www.lauro-art.com\/wordpress\/wp-content\/uploads\/2024\/10\/DSC_0580-1536x1024.jpg 1536w, https:\/\/www.lauro-art.com\/wordpress\/wp-content\/uploads\/2024\/10\/DSC_0580-2048x1365.jpg 2048w, https:\/\/www.lauro-art.com\/wordpress\/wp-content\/uploads\/2024\/10\/DSC_0580-1500x1000.jpg 1500w, https:\/\/www.lauro-art.com\/wordpress\/wp-content\/uploads\/2024\/10\/DSC_0580-705x470.jpg 705w, https:\/\/www.lauro-art.com\/wordpress\/wp-content\/uploads\/2024\/10\/DSC_0580-450x300.jpg 450w\" sizes=\"(max-width: 1024px) 100vw, 1024px\" \/><\/a><figcaption class=\"wp-element-caption\">Rhapsody in Blue (Gro\u00dfskulptur) im Eingangsbereich von Rothoblaas (<a href=\"https:\/\/www.rothoblaas.de\/\" data-type=\"URL\" data-id=\"rothoblaas.\">rothoblaas)<\/a><\/figcaption><\/figure><\/div>\n\n<div class=\"wp-block-image\">\n<figure class=\"aligncenter size-large is-resized\"><a href=\"http:\/\/www.lauro-art.com\/wordpress\/wp-content\/uploads\/2024\/10\/scan_20240906_110634-scaled.jpg\"><img decoding=\"async\" loading=\"lazy\" src=\"http:\/\/www.lauro-art.com\/wordpress\/wp-content\/uploads\/2024\/10\/scan_20240906_110634-724x1024.jpg\" alt=\"sdfsdfsdf\" class=\"wp-image-1482\" width=\"601\" height=\"850\" srcset=\"https:\/\/www.lauro-art.com\/wordpress\/wp-content\/uploads\/2024\/10\/scan_20240906_110634-724x1024.jpg 724w, https:\/\/www.lauro-art.com\/wordpress\/wp-content\/uploads\/2024\/10\/scan_20240906_110634-212x300.jpg 212w, https:\/\/www.lauro-art.com\/wordpress\/wp-content\/uploads\/2024\/10\/scan_20240906_110634-768x1086.jpg 768w, https:\/\/www.lauro-art.com\/wordpress\/wp-content\/uploads\/2024\/10\/scan_20240906_110634-1087x1536.jpg 1087w, https:\/\/www.lauro-art.com\/wordpress\/wp-content\/uploads\/2024\/10\/scan_20240906_110634-1449x2048.jpg 1449w, https:\/\/www.lauro-art.com\/wordpress\/wp-content\/uploads\/2024\/10\/scan_20240906_110634-1061x1500.jpg 1061w, https:\/\/www.lauro-art.com\/wordpress\/wp-content\/uploads\/2024\/10\/scan_20240906_110634-499x705.jpg 499w, https:\/\/www.lauro-art.com\/wordpress\/wp-content\/uploads\/2024\/10\/scan_20240906_110634-450x636.jpg 450w, https:\/\/www.lauro-art.com\/wordpress\/wp-content\/uploads\/2024\/10\/scan_20240906_110634-scaled.jpg 1811w\" sizes=\"(max-width: 601px) 100vw, 601px\" \/><\/a><figcaption class=\"wp-element-caption\">Einladung Industrial Echoes 2024<\/figcaption><\/figure><\/div>\n\n<div class=\"wp-block-image\">\n<figure class=\"aligncenter size-large\"><a href=\"http:\/\/www.lauro-art.com\/wordpress\/wp-content\/uploads\/2024\/10\/ausst-4jpg-scaled.jpeg\"><img decoding=\"async\" loading=\"lazy\" width=\"1024\" height=\"683\" src=\"http:\/\/www.lauro-art.com\/wordpress\/wp-content\/uploads\/2024\/10\/ausst-4jpg-1024x683.jpeg\" alt=\"\" class=\"wp-image-1475\" srcset=\"https:\/\/www.lauro-art.com\/wordpress\/wp-content\/uploads\/2024\/10\/ausst-4jpg-1024x683.jpeg 1024w, https:\/\/www.lauro-art.com\/wordpress\/wp-content\/uploads\/2024\/10\/ausst-4jpg-300x200.jpeg 300w, https:\/\/www.lauro-art.com\/wordpress\/wp-content\/uploads\/2024\/10\/ausst-4jpg-768x512.jpeg 768w, https:\/\/www.lauro-art.com\/wordpress\/wp-content\/uploads\/2024\/10\/ausst-4jpg-1536x1024.jpeg 1536w, https:\/\/www.lauro-art.com\/wordpress\/wp-content\/uploads\/2024\/10\/ausst-4jpg-2048x1365.jpeg 2048w, https:\/\/www.lauro-art.com\/wordpress\/wp-content\/uploads\/2024\/10\/ausst-4jpg-1500x1000.jpeg 1500w, https:\/\/www.lauro-art.com\/wordpress\/wp-content\/uploads\/2024\/10\/ausst-4jpg-705x470.jpeg 705w, https:\/\/www.lauro-art.com\/wordpress\/wp-content\/uploads\/2024\/10\/ausst-4jpg-450x300.jpeg 450w\" sizes=\"(max-width: 1024px) 100vw, 1024px\" \/><\/a><figcaption class=\"wp-element-caption\">Einblicke in die Ausstellung mit 60 Einzelwerken im Headquarter von Rothoblaas<\/figcaption><\/figure><\/div>\n\n<div class=\"wp-block-image\">\n<figure class=\"aligncenter size-large\"><a href=\"http:\/\/www.lauro-art.com\/wordpress\/wp-content\/uploads\/2024\/10\/DSC_0463-1-scaled.jpg\"><img decoding=\"async\" loading=\"lazy\" width=\"683\" height=\"1024\" src=\"http:\/\/www.lauro-art.com\/wordpress\/wp-content\/uploads\/2024\/10\/DSC_0463-1-683x1024.jpg\" alt=\"\" class=\"wp-image-1481\" srcset=\"https:\/\/www.lauro-art.com\/wordpress\/wp-content\/uploads\/2024\/10\/DSC_0463-1-683x1024.jpg 683w, https:\/\/www.lauro-art.com\/wordpress\/wp-content\/uploads\/2024\/10\/DSC_0463-1-200x300.jpg 200w, https:\/\/www.lauro-art.com\/wordpress\/wp-content\/uploads\/2024\/10\/DSC_0463-1-768x1152.jpg 768w, https:\/\/www.lauro-art.com\/wordpress\/wp-content\/uploads\/2024\/10\/DSC_0463-1-1024x1536.jpg 1024w, https:\/\/www.lauro-art.com\/wordpress\/wp-content\/uploads\/2024\/10\/DSC_0463-1-1365x2048.jpg 1365w, https:\/\/www.lauro-art.com\/wordpress\/wp-content\/uploads\/2024\/10\/DSC_0463-1-1000x1500.jpg 1000w, https:\/\/www.lauro-art.com\/wordpress\/wp-content\/uploads\/2024\/10\/DSC_0463-1-470x705.jpg 470w, https:\/\/www.lauro-art.com\/wordpress\/wp-content\/uploads\/2024\/10\/DSC_0463-1-450x675.jpg 450w, https:\/\/www.lauro-art.com\/wordpress\/wp-content\/uploads\/2024\/10\/DSC_0463-1-scaled.jpg 1707w\" sizes=\"(max-width: 683px) 100vw, 683px\" \/><\/a><figcaption class=\"wp-element-caption\">Leporello von Ekkehard Tanner-Riesenkampff (Kunsthistoriker, Frankfurt)<\/figcaption><\/figure><\/div>\n\n<div class=\"wp-block-image\">\n<figure class=\"aligncenter size-large\"><a href=\"http:\/\/www.lauro-art.com\/wordpress\/wp-content\/uploads\/2024\/10\/DSC_0505-scaled.jpg\"><img decoding=\"async\" loading=\"lazy\" width=\"1024\" height=\"683\" src=\"http:\/\/www.lauro-art.com\/wordpress\/wp-content\/uploads\/2024\/10\/DSC_0505-1024x683.jpg\" alt=\"\" class=\"wp-image-1480\" srcset=\"https:\/\/www.lauro-art.com\/wordpress\/wp-content\/uploads\/2024\/10\/DSC_0505-1024x683.jpg 1024w, https:\/\/www.lauro-art.com\/wordpress\/wp-content\/uploads\/2024\/10\/DSC_0505-300x200.jpg 300w, https:\/\/www.lauro-art.com\/wordpress\/wp-content\/uploads\/2024\/10\/DSC_0505-768x512.jpg 768w, https:\/\/www.lauro-art.com\/wordpress\/wp-content\/uploads\/2024\/10\/DSC_0505-1536x1024.jpg 1536w, https:\/\/www.lauro-art.com\/wordpress\/wp-content\/uploads\/2024\/10\/DSC_0505-2048x1365.jpg 2048w, https:\/\/www.lauro-art.com\/wordpress\/wp-content\/uploads\/2024\/10\/DSC_0505-1500x1000.jpg 1500w, https:\/\/www.lauro-art.com\/wordpress\/wp-content\/uploads\/2024\/10\/DSC_0505-705x470.jpg 705w, https:\/\/www.lauro-art.com\/wordpress\/wp-content\/uploads\/2024\/10\/DSC_0505-450x300.jpg 450w\" sizes=\"(max-width: 1024px) 100vw, 1024px\" \/><\/a><figcaption class=\"wp-element-caption\">Brigitta und Roberto Lauro mit Laudatorin Sigrid Rammel<\/figcaption><\/figure><\/div>\n\n<div class=\"wp-block-image\">\n<figure class=\"aligncenter size-large\"><a href=\"http:\/\/www.lauro-art.com\/wordpress\/wp-content\/uploads\/2024\/10\/DSC_0572-1-scaled.jpg\"><img decoding=\"async\" loading=\"lazy\" width=\"1024\" height=\"683\" src=\"http:\/\/www.lauro-art.com\/wordpress\/wp-content\/uploads\/2024\/10\/DSC_0572-1-1024x683.jpg\" alt=\"\" class=\"wp-image-1478\" srcset=\"https:\/\/www.lauro-art.com\/wordpress\/wp-content\/uploads\/2024\/10\/DSC_0572-1-1024x683.jpg 1024w, https:\/\/www.lauro-art.com\/wordpress\/wp-content\/uploads\/2024\/10\/DSC_0572-1-300x200.jpg 300w, https:\/\/www.lauro-art.com\/wordpress\/wp-content\/uploads\/2024\/10\/DSC_0572-1-768x512.jpg 768w, https:\/\/www.lauro-art.com\/wordpress\/wp-content\/uploads\/2024\/10\/DSC_0572-1-1536x1024.jpg 1536w, https:\/\/www.lauro-art.com\/wordpress\/wp-content\/uploads\/2024\/10\/DSC_0572-1-2048x1365.jpg 2048w, https:\/\/www.lauro-art.com\/wordpress\/wp-content\/uploads\/2024\/10\/DSC_0572-1-1500x1000.jpg 1500w, https:\/\/www.lauro-art.com\/wordpress\/wp-content\/uploads\/2024\/10\/DSC_0572-1-705x470.jpg 705w, https:\/\/www.lauro-art.com\/wordpress\/wp-content\/uploads\/2024\/10\/DSC_0572-1-450x300.jpg 450w\" sizes=\"(max-width: 1024px) 100vw, 1024px\" \/><\/a><figcaption class=\"wp-element-caption\">Peter Lang (Rothoblaas), Roberto Lauro und Fernando Mena (Alpi Fenster)<\/figcaption><\/figure><\/div><\/div><span class='post-meta-infos'><time class='date-container minor-meta updated' >Oktober 5, 2024<\/time><span class='text-sep text-sep-date'>\/<\/span><span class='comment-container minor-meta'><a href=\"https:\/\/www.lauro-art.com\/wordpress\/eroeffnung-der-ausstellung-in-kurtatsch-suedtirol-bei-der-firma-rothoblaas-srl\/#respond\" class=\"comments-link\" >0 Kommentare<\/a><\/span><span class='text-sep text-sep-comment'>\/<\/span><span class=\"blog-author minor-meta\">von <span class=\"entry-author-link\" ><span class=\"vcard author\"><span class=\"fn\"><a href=\"https:\/\/www.lauro-art.com\/wordpress\/author\/admin\/\" title=\"Beitr\u00e4ge von Roberto\" rel=\"author\">Roberto<\/a><\/span><\/span><\/span><\/span><\/span><\/header><footer class=\"entry-footer\"><\/footer><div class='post_delimiter'><\/div><\/div><div class='post_author_timeline'><\/div><span class='hidden'>\n\t\t\t<span class='av-structured-data'  itemscope=\"itemscope\" itemtype=\"https:\/\/schema.org\/ImageObject\"  itemprop='image'>\n\t\t\t\t\t   <span itemprop='url' >http:\/\/www.lauro-art.ch\/wordpress\/wp-content\/uploads\/2016\/07\/lauroschriftzug_340x156_whitebg.jpg<\/span>\n\t\t\t\t\t   <span itemprop='height' >0<\/span>\n\t\t\t\t\t   <span itemprop='width' >0<\/span>\n\t\t\t\t  <\/span><span class='av-structured-data'  itemprop=\"publisher\" itemtype=\"https:\/\/schema.org\/Organization\" itemscope=\"itemscope\" >\n\t\t\t\t<span itemprop='name'>Roberto<\/span>\n\t\t\t\t<span itemprop='logo' itemscope itemtype='http:\/\/schema.org\/ImageObject'>\n\t\t\t\t   <span itemprop='url'>http:\/\/www.lauro-art.ch\/wordpress\/wp-content\/uploads\/2016\/07\/lauroschriftzug_340x156_whitebg.jpg<\/span>\n\t\t\t\t <\/span>\n\t\t\t  <\/span><span class='av-structured-data'  itemprop=\"author\" itemscope=\"itemscope\" itemtype=\"https:\/\/schema.org\/Person\" ><span itemprop='name'>Roberto<\/span><\/span><span class='av-structured-data'  itemprop=\"datePublished\" datetime=\"2024-10-05T10:33:11+00:00\" >2024-10-05 10:33:11<\/span><span class='av-structured-data'  itemprop=\"dateModified\" itemtype=\"https:\/\/schema.org\/dateModified\" >2024-10-06 09:39:23<\/span><span class='av-structured-data'  itemprop=\"mainEntityOfPage\" itemtype=\"https:\/\/schema.org\/mainEntityOfPage\" ><span itemprop='name'>Er\u00f6ffnung der Ausstellung in Kurtatsch, S\u00fcdtirol bei der Firma Rothoblaas Srl. am 26.09.2024<\/span><\/span><\/span><\/article><article class='post-entry post-entry-type-video post-entry-1385 post-loop-2 post-parity-even single-big  post-1385 post type-post status-publish format-video hentry category-neuigkeiten post_format-post-format-video'  itemscope=\"itemscope\" itemtype=\"https:\/\/schema.org\/BlogPosting\" ><div class='blog-meta'><\/div><div class='entry-content-wrapper clearfix video-content'><header class=\"entry-content-header\"><span class=\"blog-categories minor-meta\"><a href=\"https:\/\/www.lauro-art.com\/wordpress\/category\/neuigkeiten\/\" rel=\"tag\">Neuigkeiten<\/a> <\/span><h2 class='post-title entry-title'  itemprop=\"headline\" >\t<a href='https:\/\/www.lauro-art.com\/wordpress\/symbiosis\/' rel='bookmark' title='Permanenter Link zu: Symbiosis'>Symbiosis\t\t\t<span class='post-format-icon minor-meta'><\/span>\t<\/a><\/h2><span class=\"av-vertical-delimiter\"><\/span><div class=\"entry-content\"  itemprop=\"text\" ><p><div style=\"width: 640px;\" class=\"wp-video\"><!--[if lt IE 9]><script>document.createElement('video');<\/script><![endif]-->\n<video class=\"wp-video-shortcode\" id=\"video-1385-1\" width=\"640\" height=\"480\" loop=\"1\" autoplay=\"1\" preload=\"auto\" controls=\"controls\"><source type=\"video\/mp4\" src=\"http:\/\/www.lauro-art.com\/wordpress\/wp-content\/uploads\/2020\/08\/Lauro_08_Final_smaller_H264.mp4?_=1\" \/><a href=\"http:\/\/www.lauro-art.com\/wordpress\/wp-content\/uploads\/2020\/08\/Lauro_08_Final_smaller_H264.mp4\">http:\/\/www.lauro-art.com\/wordpress\/wp-content\/uploads\/2020\/08\/Lauro_08_Final_smaller_H264.mp4<\/a><\/video><\/div><\/p>\n<\/div><span class='post-meta-infos'><time class='date-container minor-meta updated' >Dezember 29, 2019<\/time><span class='text-sep text-sep-date'>\/<\/span><span class='comment-container minor-meta'><a href=\"https:\/\/www.lauro-art.com\/wordpress\/symbiosis\/#respond\" class=\"comments-link\" >0 Kommentare<\/a><\/span><span class='text-sep text-sep-comment'>\/<\/span><span class=\"blog-author minor-meta\">von <span class=\"entry-author-link\" ><span class=\"vcard author\"><span class=\"fn\"><a href=\"https:\/\/www.lauro-art.com\/wordpress\/author\/admin\/\" title=\"Beitr\u00e4ge von Roberto\" rel=\"author\">Roberto<\/a><\/span><\/span><\/span><\/span><\/span><\/header><footer class=\"entry-footer\"><\/footer><div class='post_delimiter'><\/div><\/div><div class='post_author_timeline'><\/div><span class='hidden'>\n\t\t\t<span class='av-structured-data'  itemscope=\"itemscope\" itemtype=\"https:\/\/schema.org\/ImageObject\"  itemprop='image'>\n\t\t\t\t\t   <span itemprop='url' >http:\/\/www.lauro-art.ch\/wordpress\/wp-content\/uploads\/2016\/07\/lauroschriftzug_340x156_whitebg.jpg<\/span>\n\t\t\t\t\t   <span itemprop='height' >0<\/span>\n\t\t\t\t\t   <span itemprop='width' >0<\/span>\n\t\t\t\t  <\/span><span class='av-structured-data'  itemprop=\"publisher\" itemtype=\"https:\/\/schema.org\/Organization\" itemscope=\"itemscope\" >\n\t\t\t\t<span itemprop='name'>Roberto<\/span>\n\t\t\t\t<span itemprop='logo' itemscope itemtype='http:\/\/schema.org\/ImageObject'>\n\t\t\t\t   <span itemprop='url'>http:\/\/www.lauro-art.ch\/wordpress\/wp-content\/uploads\/2016\/07\/lauroschriftzug_340x156_whitebg.jpg<\/span>\n\t\t\t\t <\/span>\n\t\t\t  <\/span><span class='av-structured-data'  itemprop=\"author\" itemscope=\"itemscope\" itemtype=\"https:\/\/schema.org\/Person\" ><span itemprop='name'>Roberto<\/span><\/span><span class='av-structured-data'  itemprop=\"datePublished\" datetime=\"2019-12-29T15:54:54+00:00\" >2019-12-29 15:54:54<\/span><span class='av-structured-data'  itemprop=\"dateModified\" itemtype=\"https:\/\/schema.org\/dateModified\" >2024-10-06 09:35:32<\/span><span class='av-structured-data'  itemprop=\"mainEntityOfPage\" itemtype=\"https:\/\/schema.org\/mainEntityOfPage\" ><span itemprop='name'>Symbiosis<\/span><\/span><\/span><\/article><article class='post-entry post-entry-type-standard post-entry-1380 post-loop-3 post-parity-odd post-entry-last single-big  post-1380 post type-post status-publish format-standard hentry category-neuigkeiten tag-art tag-glass tag-inspiration tag-lauro tag-metal tag-metall-glas tag-music tag-nature tag-sculpture'  itemscope=\"itemscope\" itemtype=\"https:\/\/schema.org\/BlogPosting\" ><div class='blog-meta'><\/div><div class='entry-content-wrapper clearfix standard-content'><header class=\"entry-content-header\"><span class=\"blog-categories minor-meta\"><a href=\"https:\/\/www.lauro-art.com\/wordpress\/category\/neuigkeiten\/\" rel=\"tag\">Neuigkeiten<\/a> <\/span><h2 class='post-title entry-title'  itemprop=\"headline\" >\t<a href='https:\/\/www.lauro-art.com\/wordpress\/the-juggler-by-roberto-lauro\/' rel='bookmark' title='Permanenter Link zu: The Juggler by Roberto Lauro'>The Juggler by Roberto Lauro\t\t\t<span class='post-format-icon minor-meta'><\/span>\t<\/a><\/h2><span class=\"av-vertical-delimiter\"><\/span><div class=\"entry-content\"  itemprop=\"text\" ><p><a href=\"http:\/\/www.lauro-art.com\/wordpress\/wp-content\/uploads\/2019\/12\/Gaukler-1.jpg\"><img decoding=\"async\" loading=\"lazy\" class=\"alignnone size-full wp-image-1397\" src=\"http:\/\/www.lauro-art.com\/wordpress\/wp-content\/uploads\/2019\/12\/Gaukler-1.jpg\" alt=\"\" width=\"3072\" height=\"4608\" srcset=\"https:\/\/www.lauro-art.com\/wordpress\/wp-content\/uploads\/2019\/12\/Gaukler-1.jpg 3072w, https:\/\/www.lauro-art.com\/wordpress\/wp-content\/uploads\/2019\/12\/Gaukler-1-200x300.jpg 200w, https:\/\/www.lauro-art.com\/wordpress\/wp-content\/uploads\/2019\/12\/Gaukler-1-768x1152.jpg 768w, https:\/\/www.lauro-art.com\/wordpress\/wp-content\/uploads\/2019\/12\/Gaukler-1-683x1024.jpg 683w, https:\/\/www.lauro-art.com\/wordpress\/wp-content\/uploads\/2019\/12\/Gaukler-1-1000x1500.jpg 1000w, https:\/\/www.lauro-art.com\/wordpress\/wp-content\/uploads\/2019\/12\/Gaukler-1-470x705.jpg 470w, https:\/\/www.lauro-art.com\/wordpress\/wp-content\/uploads\/2019\/12\/Gaukler-1-450x675.jpg 450w\" sizes=\"(max-width: 3072px) 100vw, 3072px\" \/><\/a><\/p>\n<\/div><span class='post-meta-infos'><time class='date-container minor-meta updated' >Dezember 29, 2019<\/time><span class='text-sep text-sep-date'>\/<\/span><span class='comment-container minor-meta'><a href=\"https:\/\/www.lauro-art.com\/wordpress\/the-juggler-by-roberto-lauro\/#respond\" class=\"comments-link\" >0 Kommentare<\/a><\/span><span class='text-sep text-sep-comment'>\/<\/span><span class=\"blog-author minor-meta\">von <span class=\"entry-author-link\" ><span class=\"vcard author\"><span class=\"fn\"><a href=\"https:\/\/www.lauro-art.com\/wordpress\/author\/admin\/\" title=\"Beitr\u00e4ge von Roberto\" rel=\"author\">Roberto<\/a><\/span><\/span><\/span><\/span><\/span><\/header><footer class=\"entry-footer\"><\/footer><div class='post_delimiter'><\/div><\/div><div class='post_author_timeline'><\/div><span class='hidden'>\n\t\t\t<span class='av-structured-data'  itemscope=\"itemscope\" itemtype=\"https:\/\/schema.org\/ImageObject\"  itemprop='image'>\n\t\t\t\t\t   <span itemprop='url' >http:\/\/www.lauro-art.ch\/wordpress\/wp-content\/uploads\/2016\/07\/lauroschriftzug_340x156_whitebg.jpg<\/span>\n\t\t\t\t\t   <span itemprop='height' >0<\/span>\n\t\t\t\t\t   <span itemprop='width' >0<\/span>\n\t\t\t\t  <\/span><span class='av-structured-data'  itemprop=\"publisher\" itemtype=\"https:\/\/schema.org\/Organization\" itemscope=\"itemscope\" >\n\t\t\t\t<span itemprop='name'>Roberto<\/span>\n\t\t\t\t<span itemprop='logo' itemscope itemtype='http:\/\/schema.org\/ImageObject'>\n\t\t\t\t   <span itemprop='url'>http:\/\/www.lauro-art.ch\/wordpress\/wp-content\/uploads\/2016\/07\/lauroschriftzug_340x156_whitebg.jpg<\/span>\n\t\t\t\t <\/span>\n\t\t\t  <\/span><span class='av-structured-data'  itemprop=\"author\" itemscope=\"itemscope\" itemtype=\"https:\/\/schema.org\/Person\" ><span itemprop='name'>Roberto<\/span><\/span><span class='av-structured-data'  itemprop=\"datePublished\" datetime=\"2019-12-29T14:26:56+00:00\" >2019-12-29 14:26:56<\/span><span class='av-structured-data'  itemprop=\"dateModified\" itemtype=\"https:\/\/schema.org\/dateModified\" >2019-12-30 13:54:44<\/span><span class='av-structured-data'  itemprop=\"mainEntityOfPage\" itemtype=\"https:\/\/schema.org\/mainEntityOfPage\" ><span itemprop='name'>The Juggler by Roberto Lauro<\/span><\/span><\/span><\/article><div class='single-big'><nav class='pagination'><span class='pagination-meta'>Seite 1 von 3<\/span><span class='current'>1<\/span><a href='https:\/\/www.lauro-art.com\/wordpress\/wp-json\/wp\/v2\/pages\/764\/page\/2\/' class='inactive' >2<\/a><a href='https:\/\/www.lauro-art.com\/wordpress\/wp-json\/wp\/v2\/pages\/764\/page\/3\/' class='inactive' >3<\/a><\/nav>\n<\/div><\/div>\n","protected":false},"excerpt":{"rendered":"","protected":false},"author":1,"featured_media":0,"parent":0,"menu_order":0,"comment_status":"closed","ping_status":"closed","template":"","meta":[],"_links":{"self":[{"href":"https:\/\/www.lauro-art.com\/wordpress\/wp-json\/wp\/v2\/pages\/764"}],"collection":[{"href":"https:\/\/www.lauro-art.com\/wordpress\/wp-json\/wp\/v2\/pages"}],"about":[{"href":"https:\/\/www.lauro-art.com\/wordpress\/wp-json\/wp\/v2\/types\/page"}],"author":[{"embeddable":true,"href":"https:\/\/www.lauro-art.com\/wordpress\/wp-json\/wp\/v2\/users\/1"}],"replies":[{"embeddable":true,"href":"https:\/\/www.lauro-art.com\/wordpress\/wp-json\/wp\/v2\/comments?post=764"}],"version-history":[{"count":3,"href":"https:\/\/www.lauro-art.com\/wordpress\/wp-json\/wp\/v2\/pages\/764\/revisions"}],"predecessor-version":[{"id":788,"href":"https:\/\/www.lauro-art.com\/wordpress\/wp-json\/wp\/v2\/pages\/764\/revisions\/788"}],"wp:attachment":[{"href":"https:\/\/www.lauro-art.com\/wordpress\/wp-json\/wp\/v2\/media?parent=764"}],"curies":[{"name":"wp","href":"https:\/\/api.w.org\/{rel}","templated":true}]}}